thousands digit of h(4)?
6
Let s be (10 - -2)/((-2)/(-1)). Let p be 115/10 - (-3)/s. Suppose p*l - 532 = 5*l. What is the units digit of l?
6
Let p = -4 - -13. Suppose 4*w - p = w. Suppose -70 = -i + w*c, 3*c = 5*i - 8*i + 162. What is the tens digit of i?
5
Let y be (1 + 3)/8*24. Suppose -y*c = -21*c - 756. Let p = 209 + c. What is the units digit of p?
5
Suppose 14*v - 6142 = -3*q + 18*v, -2*v + 4118 = 2*q. Suppose -3420 = -5*f + 4*i - 9*i, -3*f + q = i. What is the hundreds digit of f?
6
Suppose -b + 2*b = 3. Let c(f) = 5*f**3 - 16 + 5*f + 4*f**3 - 2*f**2 + 0 + 6. What is the hundreds digit of c(b)?
2
What is the units digit of 2933 - ((-231)/(-44) - (-12)/16)?
7
Let i(b) = -241*b + 538. What is the units digit of i(-66)?
4
Suppose 0 = -i - 3*i - 5*d + 21, 2*i = d + 21. Suppose i*r - 12*r - 4*q + 789 = 0, 783 = 3*r + 2*q. What is the units digit of r?
9
Let a = 9056 + -4777. What is the thousands digit of a?
4
Let r = -49 - -25. What is the hundreds digit of (46980/21)/5 - r/(-56)?
4
Let q be (-9)/(-2)*870/783. Suppose -14*x + 3844 = 4*t - 9*x, q*t = x + 4834. What is the units digit of t?
6
Let p = 1848 + 700. Suppose -p = -2*a - 3*x, 2*x = 4*a - 0*x - 5112. What is the units digit of a?
7
Suppose -60600 = 10*r - 184583 - 39957. What is the ten thousands digit of r?
1
Suppose 0 = -4*n - 5*r + 18376 + 23689, -5*r - 21025 = -2*n. What is the units digit of n?
5
Let f(u) = -u**2 + 4*u - 4. Let m be f(3). Let t be (0/(-5))/(4/m). Suppose -3*s + 0*s + 24 = t. What is the units digit of s?
8
Let l = -651 - -677. Suppose l*q - 34*q = -10792. What is the thousands digit of q?
1
Let d(u) = u**2 - 5*u + 17. Let f(i) = -4*i + 2. Let m be f(0). Suppose -3*w + 4 = -m*w, -3*p - 5*w = -59. What is the units digit of d(p)?
1
Let k(j) = -8 - 2 + 4 - 10*j. Let d be k(-9). Let p = -15 + d. What is the tens digit of p?
6
Suppose 23162 = 11*v + 1778. What is the thousands digit of v?
1
Let f be (-21 + 21)*2/(-6). Suppose h + 0 - 1 = 4*w, f = 3*w - 3. Suppose 3*k - 9 = 3, 4*k = -h*r + 151. What is the tens digit of r?
2
Suppose 7*z + 4*z = z + 50660. What is the thousands digit of z?
5
Suppose -24*o + 58068 = -60*o. Let p = 2496 + o. What is the tens digit of p?
8
What is the ten thousands digit of 340/85*(-23734)/(-8)?
1
Suppose -3*i = -3*b - 116595, -2*b + 5*i - 118237 + 40498 = 0. What is the units digit of 9/(-15) + b/(-45)?
3
Let n = -23 - -26. Let v(l) = l**2 - 4*l - 32. Let t be v(-4). Suppose t = z + 3*g - 32, -n*z = -z + 4*g - 66. What is the units digit of z?
5
What is the units digit of (-1)/((559/(-39) - -14)/(25766/6))?
3
Suppose 2*m - 19544 = -3*r, 2*m - 212*r + 210*r = 19544. What is the thousands digit of m?
9
What is the units digit of (25/((-4625)/2813702))/((-2)/10)?
6
Let i(o) = -219*o + 379. What is the units digit of i(-15)?
4
Let t = -3080 + 8572. What is the thousands digit of t?
5
Let d be (0 + 1)/(1/(-150)). Let k be (1/3)/(((-4)/(-1272))/((-20)/8)). Let h = d - k. What is the hundreds digit of h?
1
Let c(d) = 1382*d - 2186. What is the tens digit of c(11)?
1
Suppose n + 23 - 150 = 0. Suppose 4*v - 5*w = n, 5*v = 5*w + 77 + 83. What is the tens digit of v?
3
Let k be 2 + 60/25 + (-2)/5. Suppose -4*f = -3*p + 599, -5*f + 961 = k*p + 152. What is the tens digit of p?
0
Suppose 60414 + 47373 = 19*m. What is the thousands digit of m?
5
Suppose 11894*g - 11940*g = -196972. What is the hundreds digit of g?
2
Let l = -103 + 107. Suppose l*t = -3*n - 436, -316 - 136 = 4*t - n. Let q = 90 - t. What is the tens digit of q?
0
Let g = -1792 + 219. Let s = 2243 + g. What is the units digit of s?
0
Let c be (1/3)/1 + 14/3. Suppose 0 = q - c*m - 390, 3*q + 5*m - 2070 = -2*q. What is the tens digit of q?
1
Let t(h) = 987*h**2 + 9*h - 24. What is the hundreds digit of t(-3)?
8
Let o = 77225 - -21944. What is the thousands digit of o?
9
Let j(f) = -f + 4. Let h be j(0). Suppose -r = 3*i - 115, h*i - 116 = i - 2*r. Let v = 82 - i. What is the units digit of v?
4
Suppose 31*b - 61755 = 8*b. Suppose 8*r + b = 13*r. What is the hundreds digit of r?
5
Let w = 24788 - -11627. What is the units digit of w?
5
What is the tens digit of (-5)/15*-1811 + (-76)/(-57)?
0
Suppose 34330 = 19*t - 37338. Let l = -2340 + t. What is the units digit of l?
2
Suppose -48*x + 5796 = -20*x. Let i = 410 - x. What is the hundreds digit of i?
2
Suppose -272319 + 1637319 = 200*z. What is the thousands digit of z?
6
Let k = -11 + 13. Suppose 5*m - 4*p - 550 = 192, -k*p = -4*m + 590. Let u = m - 85. What is the units digit of u?
1
Let k = -6672 + 7782. What is the thousands digit of k?
1
Let q(v) = -163*v**3 - 5*v**2 - 14*v + 12. What is the ten thousands digit of q(-4)?
1
Suppose -3*b = 2*n - 722, -28*b + 1081 = 3*n - 24*b. Let t = n - -795. What is the units digit of t?
0
Let t(r) = 93*r**2 - 78*r + 542. What is the thousands digit of t(8)?
5
What is the thousands digit of 1457/((-8)/(6 + -2) + (-21)/(-9))?
4
Suppose -3*a = 2*a + 250. Suppose -r + 14 - 194 = 3*h, -3*h - 180 = -2*r. Let k = a - h. What is the units digit of k?
0
What is the hundreds digit of 4/126*3 - (-233497)/21?
1
Let j(f) = f**3 - 2*f**2 - 4*f + 12. Let t be j(-5). Let x = t - -147. Suppose h - 254 = -x*z, 0*h - z + 806 = 3*h. What is the hundreds digit of h?
2
Let c(i) = -i**2 + 10*i - 15. Let a be c(8). Suppose 0 = -4*d - b - a, -4*d + 6*b = 2*b - 4. What is the units digit of (d - -11)*4 - (21 + -22)?
5
Let b = 54 + -46. Suppose -b*q + 424 = -920. What is the tens digit of q?
6
Let w(v) = -58*v**3 - 11*v**2 - 9*v - 18. What is the units digit of w(-5)?
2
Suppose -g + 3*m + 16223 = 0, 53531 - 4898 = 3*g + 3*m. What is the units digit of g?
4
Let i(t) = 14*t + 135 - 3*t + 38*t + 27*t - 9*t. What is the units digit of i(7)?
4
Suppose 4*f = c - 6092, -30384 = -5*c - 3*f + 4*f. What is the hundreds digit of c?
0
Let l = -24 + 26. Suppose -4*w - 2 = -l. Let j(p) = -p**2 + 2*p + 36. What is the units digit of j(w)?
6
Let z(d) = -d**3 + 3*d**2 - d + 5. Let v be z(3). Suppose 4*t + v*q - 863 = 103, t - 255 = -5*q. Let o = -158 + t. What is the units digit of o?
2
Suppose 0 = -21*s + 149490 + 318789. What is the hundreds digit of s?
2
Let h = 57 - 105. Let g = -15 - -12. What is the tens digit of g/(-3) + (-2 - h) + -2?
4
What is the hundreds digit of 55200/(-320)*(-72)/5?
4
What is the ten thousands digit of 17515112/988 - 2/52*-4?
1
Suppose 4*g + 3*h + 16 = 0, 23 = 3*g - 4*h + 10. What is the tens digit of (7 + g)*(-25465)/(-110)?
8
Let i = -54 - -68. Suppose -4*w + i = -6. Suppose 0 = -w*u + 4*u + 30. What is the tens digit of u?
3
Let a be 21*40/(-108) - (-2)/(-9). Let c(h) = -h - 6. Let y be c(a). Suppose -3 = -y*m + 165. What is the tens digit of m?
8
Let a(g) = g**2 - 11*g - 16. Let n be a(16). Suppose 2*m + 2*m = -2*v - 150, 4*m + 170 = 2*v. Let h = n + m. What is the tens digit of h?
2
Let y = 206 + -130. Let s be (1/(-2))/(3/(-324)). Let r = y - s. What is the tens digit of r?
2
Suppose -5*b = 2*z + 21, 0 = -5*z - 5*b - 0 - 15. Let s(w) = -10*w - 8 + 2*w**z + 3*w + 2*w + w**3. What is the units digit of s(6)?
0
Let f(u) = 17*u + 156. Let n be f(-9). Suppose -i = 4, 861 = n*t + i - 1529. What is the hundreds digit of t?
7
What is the thousands digit of 127*((-15123)/(-426))/(2/12)?
7
Suppose -20*g + 24*g = 12*g. Suppose 4*d - 3*r - 2017 = g, 2*d + 4*r = -3*d + 2498. What is the tens digit of d?
0
Let c = -48 - -216. Suppose o + c = -2*s - o, -s - 4*o - 78 = 0. Let t = -42 - s. What is the units digit of t?
4
Suppose 2*j = -4*w - 12, 4*j = 4*w + 6 + 6. Suppose j = -2*y - 5*t + 20, -y + t - 5*t + 13 = 0. What is the hundreds digit of y/(15/(-4))*(-83 - 13)?
1
Suppose 4*y = 3*l - 4795, -2*y = -3*l + 6*l - 4771. Suppose -2*u = -a - l, -2*u = 2*a - 39 - 1551. What is the units digit of u?
6
What is the tens digit of 4782834/630 - ((-8)/15 - 1/(-3))?
9
Let w(q) = q**3 + 33*q**2 + 10*q - 75. Let b be w(-32). Suppose -2*m + 3*m - b = -2*y, -5*m + 3119 = -3*y. What is the units digit of m?
5
Let s(z) = 2*z**2 + 14*z + 11. Let w be s(-7). Let l(r) = -r**2 + 14*r + 3. Let m be l(w). Let b = m + 3. What is the tens digit of b?
3
Let m = -177 - -187. Suppose -6*t - 1325 = -3*u - m*t, -3*u + t + 1345 = 0. What is the units digit of u?
7
Suppose -4*b + 8*b - 8 = 0. Suppose c = 5*w - 5, 0*c - b*w - 1 = -c. Suppose 54 + 3